 digit of 131?
3
What is the units digit of 1755?
5
What is the tens digit of 1502?
0
What is the units digit of 2670?
0
What is the units digit of 8461?
1
What is the hundreds digit of 242?
2
What is the tens digit of 38869?
6
What is the hundreds digit of 6799?
7
What is the tens digit of 27924?
2
What is the ten thousands digit of 68833?
6
What is the hundreds digit of 4703?
7
What is the units digit of 1664?
4
What is the tens digit of 22538?
3
What is the hundreds digit of 307?
3
What is the ten thousands digit of 42433?
4
What is the hundreds digit of 11919?
9
What is the hundreds digit of 2012?
0
What is the hundreds digit of 412?
4
What is the thousands digit of 21209?
1
What is the thousands digit of 14524?
4
What is the hundreds digit of 1727?
7
What is the units digit of 101?
1
What is the thousands digit of 50740?
0
What is the tens digit of 2400?
0
What is the units digit of 2546?
6
What is the thousands digit of 1865?
1
What is the tens digit of 47589?
8
What is the thousands digit of 62283?
2
What is the tens digit of 245?
4
What is the hundreds digit of 205?
2
What is the units digit of 1953?
3
What is the hundreds digit of 6523?
5
What is the hundreds digit of 242?
2
What is the units digit of 94?
4
What is the hundreds digit of 1124?
1
What is the tens digit of 98?
9
What is the tens digit of 31718?
1
What is the tens digit of 2222?
2
What is the thousands digit of 1455?
1
What is the thousands digit of 10185?
0
What is the tens digit of 3330?
3
What is the units digit of 966?
6
What is the hundreds digit of 780?
7
What is the hundreds digit of 6394?
3
What is the units digit of 17286?
6
What is the units digit of 73847?
7
What is the thousands digit of 34962?
4
What is the units digit of 6951?
1
What is the hundreds digit of 302?
3
What is the tens digit of 16406?
0
What is the units digit of 871?
1
What is the hundreds digit of 78896?
8
What is the hundreds digit of 10180?
1
What is the units digit of 1013?
3
What is the units digit of 157?
7
What is the hundreds digit of 3117?
1
What is the tens digit of 22406?
0
What is the units digit of 34518?
8
What is the thousands digit of 5488?
5
What is the thousands digit of 7595?
7
What is the ten thousands digit of 72092?
7
What is the units digit of 36?
6
What is the tens digit of 3365?
6
What is the tens digit of 1798?
9
What is the tens digit of 643?
4
What is the hundreds digit of 27198?
1
What is the units digit of 38307?
7
What is the hundreds digit of 11773?
7
What is the hundreds digit of 3275?
2
What is the units digit of 484?
4
What is the thousands digit of 9940?
9
What is the thousands digit of 62856?
2
What is the hundreds digit of 2335?
3
What is the tens digit of 87?
8
What is the thousands digit of 15910?
5
What is the hundreds digit of 1361?
3
What is the hundreds digit of 174?
1
What is the tens digit of 107389?
8
What is the tens digit of 37408?
0
What is the units digit of 594?
4
What is the hundreds digit of 252?
2
What is the units digit of 628?
8
What is the tens digit of 3266?
6
What is the ten thousands digit of 130851?
3
What is the hundred thousands digit of 114906?
1
What is the hundreds digit of 113?
1
What is the tens digit of 1681?
8
What is the hundreds digit of 23599?
5
What is the thousands digit of 26783?
6
What is the hundreds digit of 1129?
1
What is the thousands digit of 4171?
4
What is the hundreds digit of 15466?
4
What is the units digit of 73976?
6
What is the ten thousands digit of 16319?
1
What is the hundreds digit of 4745?
7
What is the units digit of 4226?
6
What is the units digit of 10880?
0
What is the hundreds digit of 586?
5
What is the units digit of 431?
1
What is the thousands digit of 2500?
2
What is the tens digit of 12555?
5
What is the tens digit of 97046?
4
What is the tens digit of 67?
6
What is the hundreds digit of 14201?
2
What is the tens digit of 2529?
2
What is the units digit of 110?
0
What is the ten thousands digit of 30904?
3
What is the thousands digit of 3290?
3
What is the thousands digit of 2608?
2
What is the tens digit of 21100?
0
What is the units digit of 334?
4
What is the ten thousands digit of 50842?
5
What is the tens digit of 5710?
1
What is the units digit of 167939?
9
What is the thousands digit of 77479?
7
What is the tens digit of 920?
2
What is the units digit of 7904?
4
What is the units digit of 274?
4
What is the tens digit of 6720?
2
What is the tens digit of 546?
4
What is the units digit of 4005?
5
What is the thousands digit of 72831?
2
What is the tens digit of 213?
1
What is the ten thousands digit of 84767?
8
What is the units digit of 965?
5
What is the thousands digit of 1741?
1
What is the units digit of 9?
9
What is the thousands digit of 2303?
2
What is the hundreds digit of 2497?
4
What is the thousands digit of 1807?
1
What is the tens digit of 90?
9
What is the hundreds digit of 1006?
0
What is the tens digit of 4574?
7
What is the thousands digit of 5077?
5
What is the hundreds digit of 77467?
4
What is the tens digit of 47?
4
What is the hundreds digit of 4972?
9
What is the ten thousands digit of 42981?
4
What is the tens digit of 117?
1
What is the tens digit of 13863?
6
What is the tens digit of 6909?
0
What is the thousands digit of 78673?
8
What is the thousands digit of 33009?
3
What is the units digit of 954?
4
What is the thousands digit of 4165?
4
What is the tens digit of 2373?
7
What is the units digit of 73386?
6
What is the tens digit of 401?
0
What is the units digit of 38781?
1
What is the hundreds digit of 630?
6
What is the tens digit of 2073?
7
What is the thousands digit of 1110?
1
What is the units digit of 1643?
3
What is the hundreds digit of 65305?
3
What is the hundreds digit of 2124?
1
What is the hundreds digit of 99613?
6
What is the tens digit of 54118?
1
What is the units digit of 995?
5
What is the hundreds digit of 101694?
6
What is the units digit of 98?
8
What is the thousands digit of 1044?
1
What is the thousands digit of 7208?
7
What is the ten thousands digit of 30983?
3
What is the ten thousands digit of 15309?
1
What is the units digit of 3882?
2
What is the tens digit of 2018?
1
What is the ten thousands digit of 97887?
9
What is the thousands digit of 31723?
1
What is the units digit of 457?
7
What is the tens digit of 3963?
6
What is the tens digit of 39884?
8
What is the thousands digit of 4351?
4
What is the thousands digit of 19283?
9
What is the thousands digit of 6607?
6
What is the tens digit of 39443?
4
What is the hundreds digit of 36775?
7
What is the tens digit of 948?
4
What is the hundreds digit of 15288?
2
What is the tens digit of 9800?
0
What is the hundreds digit of 32057?
0
What is the units digit of 44737?
7
What is the tens digit of 5725?
2
What is the tens digit of 773?
7
What is the hundreds digit of 5832?
8
What is the thousands digit of 52647?
2
What is the hundreds digit of 10558?
5
What is the hundred thousands digit of 137054?
1
What is the thousands digit of 198261?
8
What is the thousands digit of 1575?
1
What is the units digit of 956?
6
What is the thousands digit of 8477?
8
What is the hundreds digit of 1504?
5
What is the units digit of 2266?
6
What is the units digit of 756?
6
What is the thousands digit of 10012?
0
What is the tens digit of 95?
9
What is the units digit of 86800?
0
What is the hundreds digit of 1256?
2
What is the thousands digit of 2429?
2
What is the units digit of 1100?
0
What is the tens digit of 850?
5
What is the thousands digit of 2708?
2
What is the hundreds digit of 566?
5
What is the thousands digit of 1869?
1
What is the units digit of 15081?
1
What is the thousands digit of 3102?
3
What is the hundreds digit of 20901?
9
What is the hundreds digit of 637?
6
What is the tens digit of 1844?
4
What is the units digit of 31731?
1
What is the units digit of 46456?
6
What is the hundreds digit of 364?
3
What is the units digit of 690?
0
What is the hundreds digit of 31347?
3
What is the tens digit of 1699?
9
What is the units digit of 898?
8
What is the hundreds digit of 16269?
2
What is the hundreds digit of 13706?
7
What is the tens digit of 9771?
7
What is the units digit of 7005?
5
What is the units digit of 48311?
1
What is the tens digit of 268?
6
What is the unit